ts digit of 19*(1 + (-16)/v)?
5
Suppose 40*c - 3242 - 31478 = 0. What is the tens digit of c?
6
Suppose -4*i = 2*p - 404, 292 + 530 = 4*p + i. What is the units digit of p?
6
Let j be (-27)/18*(-8)/6. What is the units digit of 1944/30 + j/10?
5
Let x(u) = -3*u**3 - 2*u**2 - 2*u - 1. Let k be x(-1). What is the units digit of -3*(-148)/24*k?
7
Let c(r) = 6*r**2 + 5*r + 2. Let v be c(-3). Let a(u) = u**3 + 12*u**2 + 24*u + 15. Let m be a(-10). Let i = m + v. What is the tens digit of i?
1
Let f = -22 + 20. What is the hundreds digit of f/(-8) - (-2062)/8?
2
Suppose -4*a = 938 - 12506. What is the hundreds digit of a?
8
Let n(z) = -6*z - 10. Let i be n(-7). Suppose -4*y + 5*h + i = 0, 2*y - 3 = -h - 1. Suppose 7*u = -2*x + 2*u + 48, y*x = -u + 72. What is the tens digit of x?
2
Suppose -10*w = -5782 - 7768. What is the thousands digit of w?
1
Suppose 9 - 18 = -3*f. Suppose -302 = -k + x + x, f*x = 3*k - 897. Suppose -5*l = -5*p - l + k, 5*p = -3*l + 268. What is the units digit of p?
6
Suppose 3*r = 2*p + 188 - 777, -r + 593 = 2*p. What is the units digit of p?
6
Suppose 0 = 3*s - 545 - 130. What is the hundreds digit of s?
2
Suppose -k = -0*k - 28. What is the tens digit of 1 - 7/(k/(-48))?
1
Let z(b) = -b**2 - 7*b - 5. Let h be z(-5). Let w be (-1270)/20*4/(-2). Suppose 0*f + 4*t = 5*f - w, -54 = -3*f - h*t. What is the units digit of f?
3
Let g be 7 - 16/(-20)*-5. Suppose -r = -g*r + 338. What is the tens digit of r?
6
Suppose -4*p + 3*q = -9, 8*p - 4*p - 7 = 5*q. Suppose -2*n = 4, p*n - 196 = -5*g + 248. What is the tens digit of g?
9
Let t(o) = 2*o - 3 + 2*o**2 - 2*o**2 - 76*o**3 + 36*o**3 - 2*o**2 + 47*o**3. Let s be (6 - 2)*(-2)/(-4). What is the tens digit of t(s)?
4
Let q be -1 + (1 - -1 - 2). Let y be 157 + 0/(-4)*q. Suppose -y = -4*c + 63. What is the units digit of c?
5
Let a = 585 + 103. What is the units digit of a?
8
Let y be (4/3)/((-14)/3129). Let a = -149 - y. What is the units digit of a?
9
Suppose 4*s + s = 20. Suppose -s = -0*l - 2*l. Suppose l*o - 50 = -3*o. What is the units digit of o?
0
Let g = 98 + -89. Suppose 0 = -g*r + 1002 + 978. What is the units digit of r?
0
Let u = 960 - 403. What is the hundreds digit of u?
5
Suppose 5*w - 268 = 1802. Suppose 0*u - w = -6*u. What is the units digit of u?
9
Let q = -122 + 231. Let l = q + -76. Let t = 52 - l. What is the units digit of t?
9
Let j(s) = s**2 + 7*s + 3. Let d be j(-7). Let x(w) = 9*w + 7 + w**3 - 2*w**d + 7*w**2 - 4*w - 9*w. What is the units digit of x(6)?
9
Suppose -5*f = -p - 472 + 3788, -6644 = -2*p - 2*f. What is the units digit of p?
1
Let f = -7822 + 11447. What is the tens digit of f?
2
Let n(b) = -77*b**3 - b**2. Let q be n(-1). Let p = q - 49. What is the tens digit of p?
2
What is the tens digit of (-66 - -70)*915/4?
1
Let t = 5 - 3. Let j(c) = 5*c**2 - 5*c**t - 16 + c**2 - 3*c. What is the tens digit of j(11)?
7
Suppose 3*o + 1 = 7. Suppose 5*z + o*l - 168 = 0, -z - 97 = -4*z - 5*l. What is the units digit of z?
4
Let q = -21 + 42. Let l = -35 + q. Let v = l + 34. What is the units digit of v?
0
Suppose 484 = -297*n + 299*n. What is the units digit of n?
2
Let m be ((-84)/15)/(4/(-10)). Suppose -2*a - 3*y + y = -4, -2*a - m = -4*y. Let i = 3 - a. What is the units digit of i?
4
Suppose -7*u - 1018 = -108. Let x = -2 - u. What is the tens digit of x?
2
Suppose 17*n - 21*n = -20. Suppose -n*t = -8*t + 18. What is the units digit of t?
6
Let o(s) = s**3 + 24*s**2 + 19*s + 55. What is the hundreds digit of o(-15)?
7
Suppose -721 = 4*y - 2689. What is the units digit of y?
2
What is the tens digit of ((-120)/40)/(-1*(-1)/(-215))?
4
Suppose 0 = 2*l - 5 - 9. Suppose i = -g - 2*i - l, -7 = -5*g - i. Suppose -g*u = 3*u - 60. What is the tens digit of u?
1
Suppose -4*r = 2*w + 12, -2*w - w + 14 = -2*r. Suppose -3*a + 0*v = v - w, -4*v = -8. Suppose 10*g - 11*g + 35 = a. What is the units digit of g?
5
Let i = -51 - -45. What is the units digit of 7/(-21) - 374/i?
2
Let l(r) be the second derivative of -4*r**3 - 5*r**2/2 + 6*r - 3. What is the units digit of l(-2)?
3
Suppose 2*t - 136 = 82. What is the hundreds digit of t?
1
Let y = 0 - 9. Let i = -6 - y. Suppose i*o - 5*w = -6, 2*o + 0*w = w + 3. What is the units digit of o?
3
What is the tens digit of 6/(-15) + (-3448)/(-20)?
7
Suppose 0 = -5*b + b + 12. Suppose -20 - 67 = -b*u. What is the tens digit of u?
2
Let v(s) be the third derivative of 0*s - 7/24*s**4 + 0 - 2*s**2 + 11/6*s**3. What is the tens digit of v(-5)?
4
Suppose 5*s - 4*l - 14219 = 0, -s + 86*l - 85*l + 2843 = 0. What is the tens digit of s?
4
Let w(d) = -d**3 - 15*d**2 - 13*d + 16. Let f be w(-14). Suppose -f*h = -2*j + 28, 48 - 119 = -4*j + h. What is the tens digit of j?
1
Let h be ((-9)/2)/((-2)/(-4)). Let b(y) = y**3 - 7*y**2 - 6*y - 5. Let k be b(8). Let v = h + k. What is the units digit of v?
2
Let z(g) = g**3 - 11*g**2 - 12*g + 6. Let l be z(12). Suppose 0 = l*o - 324 + 66. What is the units digit of o?
3
What is the units digit of 265/53 - (-659 + -2 - -2)?
4
Let h be 3 + (-1 - 2) + -20. Let r(t) = -4*t + 69. What is the units digit of r(h)?
9
Let z(n) = -n**3 - 8*n**2 - 9*n + 9. Let t be z(-9). Suppose -5*w - t = -8*w. What is the tens digit of w?
5
Let g = -1 - -3. Suppose 5*t - 20 = -5*z, 1 = -2*t + z + 3. Suppose 2*o = -t*r + 32, 5*o - 3*r = g*r + 40. What is the tens digit of o?
1
Let k be -16*(3 + 39/(-12)). Suppose -4 = k*b - 20. What is the units digit of -4 - (117/(-3) - b)?
9
Let l = -16 - -16. Suppose -5 = -2*j - 1. Suppose -3*z + 101 = -0*z + y, j*z + 2*y - 66 = l. What is the tens digit of z?
3
Let a be (-6 - 2*-1) + (-96)/(-24). What is the tens digit of (-3)/((a - 3) + 5382/1807)?
3
Let r = -64 - -66. Suppose 4*h = r*o + 623 + 93, -4*o = 8. What is the hundreds digit of h?
1
Suppose 12 - 20 = -4*c. Suppose -c*t - 2*t - y + 296 = 0, t - 63 = -3*y. What is the tens digit of t?
7
Let y(b) = -256*b**3 - 2*b**2. Let l be y(-1). Suppose s + 2*n - l = 4*n, 0 = -s + n + 251. What is the tens digit of ((-3)/(-12))/(2/s)?
3
Suppose 0 = -5*b + 3*g - 86, b = g - 6 - 10. Let o = 11 + b. What is the units digit of (o/20)/(5/(-500))?
0
Let s(t) be the third derivative of t**6/720 - t**5/24 - t**4/8 + 6*t**2. Let o(p) be the second derivative of s(p). What is the units digit of o(6)?
1
Let c(l) = -5*l + 1. Let r(v) = v**3 - 2*v**2 + 2*v + 2. Let m be r(2). Let h be c(m). Let y = 1 - h. What is the tens digit of y?
3
Suppose 4*n + 6960 = 4*t, n - 3691 - 1529 = -3*t. What is the units digit of t?
0
Let y be 81/(-54)*2/(-1). Suppose -4*v = g - y*v - 40, 4*g + 5*v - 162 = 0. What is the units digit of g?
8
Let o(z) be the second derivative of z**4/4 + 4*z**3/3 + 17*z**2 + 21*z. What is the tens digit of o(-6)?
9
Suppose -3*n + n + 6 = 0, 0 = -d + 3*n - 5. Let q(z) = 2*z - 11. Let i(c) = -3*c + 12. Let p(l) = d*q(l) + 3*i(l). What is the units digit of p(-9)?
1
Suppose 2*y - 555 = 241. Suppose 3*n - y = 184. What is the hundreds digit of n?
1
Let o = -297 - -952. What is the tens digit of o?
5
Suppose -5*t - 10 = -30. What is the tens digit of (-113)/(-2) + 6/t?
5
Let s(o) = 20*o**2 + 10*o + 9. Let n be s(-4). Suppose v + 2*y + 24 = 94, 4*v - y = n. What is the tens digit of v?
7
Suppose 1549 - 15639 = -5*l. What is the hundreds digit of l?
8
Suppose u - 360 - 103 = -x, 0 = -3*x - u + 1391. What is the hundreds digit of x?
4
Suppose 15024 - 424 = 8*a. What is the tens digit of a?
2
Suppose -44*v + 42*v + 2314 = 0. What is the hundreds digit of v?
1
What is the units digit of 38 - 7/14*-14?
5
Let p(q) = -2*q**2 - 33*q - 17. Let g be p(-16). What is the hundreds digit of g/8 + 3387/24?
1
Let d(b) = 4*b**2 - b - 4. Let f be d(2). What is the units digit of f/3*6/4?
5
Let v(u) = -u - 5. Let p be v(-19). Suppose 2*y + 24 = -2*y. Let a = y + p. What is the units digit of a?
8
Let q be (-99)/(-3) - (5 + -2). Suppose -14 = -5*s + 5*y + 31, -5*s = -2*y - q. Suppose 2*r = -3*w - 1, 2*r - r = -s*w - 3. What is the units digit of r?
1
Let j(u) = u**2 + u - 9. Let t be j(-6). Let a = t + -1467. What is the units digit of a/(-18) - (-3)/(-9)?
0
Let y = 2481 - -1338. What is the units digit of y?
9
Suppose 0 = 2*z - 27 + 1. Let v = z + -6. What is the units digit of v?
7
Let z = 0 - 1. Let y be 152/(-4) - z*2. Let f = y + 75. What is the tens digit of